(l) = -8*l - 10. Let u = -43 + 30. Let i = -18 - u. What are the prime factors of a(i)?
2, 3, 5
Suppose 0 = 2*h + 3 - 9. Suppose -l - h = -2*l. Suppose y - 256 = -l*y. What are the prime factors of y?
2
Let p(t) = -t**3 - 10*t**2 + 5*t + 2. What are the prime factors of p(-13)?
2, 3, 37
Suppose 7*d - 6229 = 799. List the prime factors of d.
2, 251
Let y = 267 - 249. What are the prime factors of y?
2, 3
Suppose p + 4*p = -120. Let d be (3/6)/(1/p). Let m = d - -22. List the prime factors of m.
2, 5
Suppose -5*m + 6*a = 9*a - 12379, a - 4952 = -2*m. List the prime factors of m.
2477
List the prime factors of (-3300)/(-80) - ((-39)/(-12) + -4).
2, 3, 7
Suppose 6*w + 2 + 586 = 0. Let g = w - -153. What are the prime factors of g?
5, 11
Let q = 2 + 1. Suppose 0 = -q*p + 33 + 375. Let a = p - 94. List the prime factors of a.
2, 3, 7
Suppose l - 10 = 7. Let u = -15 + l. Suppose 167 = 4*j - 5*v, -v + 173 = u*j + 2*j. List the prime factors of j.
43
Let x be 6/(-15) + 1 + (-48)/(-20). Suppose 359 = 6*k - 4*k + a, -162 = -k + x*a. What are the prime factors of k?
3, 59
Let q be (-16)/(-56) - (-138)/7. Let y = 26 - q. Suppose -v = -y*v + 275. List the prime factors of v.
5, 11
Let a(i) = i**2 + 4*i + 2. Let m(u) = -3*u - 20. Let y be m(-8). Let j be (-8)/y*10/(-4). What are the prime factors of a(j)?
47
Let z(m) = -m + 13. Let j be z(12). Suppose -f + 23 = -j. List the prime factors of f.
2, 3
Suppose 99713 = 44*r - 7163. What are the prime factors of r?
7, 347
Let y(z) = 53*z**2 - 1. Let x be y(-1). Suppose -5*p - x = 3*k - 157, -2*k + 83 = -p. Suppose -3*u - 2*u + k = 4*b, 4*u - 4*b = 32. List the prime factors of u.
2
List the prime factors of (-2)/3 + (17 - 88110/(-54)).
2, 103
Let i(x) = 3*x**2 + 9*x - 1. Let b be i(-8). Let y = b - 69. List the prime factors of y.
2, 5
Let p be (60/(-4))/(1/(-9)). Suppose -t + p = 47. What are the prime factors of t?
2, 11
Suppose -4*s = i + 24, -3*s - s + 5*i = 48. Let h(w) = w - 7. Let m be h(s). List the prime factors of (-9)/2*m/3.
3, 7
Suppose 0 = -218*o + 215*o + 2796. What are the prime factors of o?
2, 233
Suppose 18*j - 3 = 15. What are the prime factors of (-4 + 302)*j/2?
149
Suppose -r + 3*r = 0. Let g(b) = b**2 - 1. Let o(y) = y**3 + 4*y**2 - y - 20. Let h(p) = 4*g(p) - o(p). What are the prime factors of h(r)?
2
Suppose 75*f = 83*f - 824. What are the prime factors of f?
103
Let n = 57 - 58. Let v = n - -238. What are the prime factors of v?
3, 79
Suppose 5*m = 93 + 152. Let o(i) = i**2 - 11*i - 14. Let c be o(12). What are the prime factors of (2 + m)*1 + c?
7
Let a(j) = -j**3 + 6*j**2 + 9*j - 17. Let m be a(7). What are the prime factors of ((-3)/(m/(-59)))/((-5)/10)?
2, 59
Suppose p - 4 = 2. Suppose -4*s + p*j - j = -28, 0 = -5*s + j + 14. What are the prime factors of s*1*(-50)/(-4)?
5
Suppose 0 = -2*m + 10, m - 5*m + 55 = 5*b. Let w = 9 + b. List the prime factors of w.
2
Let r = 327 + -115. List the prime factors of r.
2, 53
Suppose 12 = -15*m + 19*m. Suppose -m*s - 295 = -8*s. What are the prime factors of s?
59
Let a(b) be the second derivative of b**7/2520 - b**6/180 + b**4 + 11*b. Let u(l) be the third derivative of a(l). What are the prime factors of u(-6)?
2, 3, 5
Suppose 3*f - 4731 = 4*p, 0 = -3*p - 5*f - 722 - 2819. Let s be (-88)/3 + (-2)/3. List the prime factors of p/s - (-2)/(-5).
3, 13
Let p = 76 - 85. List the prime factors of 1588/6 + (-12)/p.
2, 7, 19
Let i = 9 - 7. Suppose -i*v + 114 = -12. List the prime factors of v.
3, 7
Let k = 4662 + -2915. List the prime factors of k.
1747
Suppose -5*g + 232 = 4*v, 3*g + 6*v - 120 = 10*v. List the prime factors of 6740/g + (-14)/77.
3, 17
Let b = 8 + -5. Suppose 2*m - z - b*z - 84 = 0, -3*m - 4*z = -96. What are the prime factors of (m + (-6 - -3))*1?
3, 11
Suppose -3*u - 33 = 48. Let l = u - -287. List the prime factors of l.
2, 5, 13
Let t = 92 - 92. List the prime factors of -3 + 4 + 11 - t.
2, 3
Suppose 2*g + 3282 = 8*g. What are the prime factors of g?
547
Suppose -n + 9 = -4*v, 0 = -4*v - 2 - 2. Suppose 0 = -s - 0*q - q, 3*q + n = -2*s. Suppose s*u + 2*y = 75, -u = 4*y - 13 - 2. List the prime factors of u.
3, 5
Suppose 11*s + 2 + 9 = 0. What are the prime factors of (-20 + 2)*s*52/8?
3, 13
Let w = -38 + 77. Let g be (w/6 - 4)*2. Suppose -5*k + 4*y - y = -112, 5*y - g = 0. List the prime factors of k.
23
Let i = 1977 + -2886. What are the prime factors of (16/(-6) - -3)/((-3)/i)?
101
Let v = -108 - -1651. What are the prime factors of v?
1543
Suppose -4*h - 124 = 4*d - 468, -5*h - 3*d + 434 = 0. Suppose t - 13 = -4*w + h, -t + 5*w = -74. List the prime factors of t.
89
List the prime factors of (-341 - -4)/(13/(-13)).
337
Suppose 4*u - 114 = u. Suppose 0 = 4*t - 5*t + u. Suppose t + 24 = 4*d + 3*i, 0 = -2*i - 4. What are the prime factors of d?
17
Let z = -73 - -376. List the prime factors of 18/4 + -4 - z/(-6).
3, 17
Let s be (-1482)/133 + (-2)/(-14). Let q = -8 - s. Suppose -q*l - 2*l + 45 = 0. List the prime factors of l.
3
Let n be -3 + 4/4 - -4. Suppose -n*i = 4 - 0. List the prime factors of ((-25)/4)/(i/8).
5
Suppose 11893 = 5*z - 2*b + 1703, 0 = 3*z - b - 6114. List the prime factors of z.
2, 1019
Let b(g) = -g**2 - g + 25. Let j be b(0). Suppose -h - 26 = 3*h + 2*q, j = -5*h + 5*q. Let n(k) = k**3 + 7*k**2 - 6. What are the prime factors of n(h)?
2, 3, 5
Let a = -206 + 325. List the prime factors of a.
7, 17
Let m = -38 - 113. Let j = 103 + m. What are the prime factors of (0 + 4/(-8))*j?
2, 3
Let y = 1485 + -998. Let c = -299 + y. List the prime factors of c.
2, 47
Suppose 2737 = 3*u - 0*g - 5*g, -2*g = 10. What are the prime factors of u?
2, 113
Let x(f) = 2*f**3 + 10*f**2 - 7*f + 15. What are the prime factors of x(6)?
3, 5, 17
Let b be 16/(-20) - 3866/5. What are the prime factors of (b/(-36))/((-1)/(-2))?
43
Suppose 6*o - 76 = -64. Suppose -o*u = -u - 155. What are the prime factors of u?
5, 31
Suppose 0 = 4*j - 16 + 48. What are the prime factors of (-314)/j + (-4)/16?
3, 13
Let u = 182 - -127. What are the prime factors of u?
3, 103
Let z = 16 - 11. Suppose 11*v = 6*v + z. What are the prime factors of v/1 - (-126)/14?
2, 5
Let a = 1524 + 156. What are the prime factors of a?
2, 3, 5, 7
Suppose 56*q - 10*q - 209300 = 0. List the prime factors of q.
2, 5, 7, 13
Let t = 127 + -126. What are the prime factors of 149/t + -1 + 1?
149
Let j = -4 - 25. Let i = j - -29. Suppose -4*k + 2*k + 14 = i. What are the prime factors of k?
7
Suppose m - 2*m = -4. List the prime factors of 1 - m - (-126)/1.
3, 41
Suppose -4*n - 8*v + 11*v + 20235 = 0, -v - 1 = 0. What are the prime factors of n?
2, 3, 281
Let l = 113 + -111. List the prime factors of (10 + -64)/(l/(-2)).
2, 3
Let z = -47 + 52. List the prime factors of (z - 2) + (7 - -94).
2, 13
Suppose 3*v = 86 + 10. Suppose -5*u = 3*o - 29, -4*o + 11 + 5 = u. Suppose i - v = -o*i. List the prime factors of i.
2
Suppose 3*t - 39 = 3*f, 0 = 4*t + 3*f + 2*f - 34. List the prime factors of t.
11
Suppose b - 12 = 4*a, 0*b = 3*b + a + 3. Suppose -j = 4*t - b*j - 150, 3*j = -2*t + 80. List the prime factors of t.
37
Suppose -2*t - 8 = -16. Suppose t*q - 4 = 24. What are the prime factors of q?
7
Suppose -7*m = -14*m + 1596. Let c = 569 - m. List the prime factors of c.
11, 31
List the prime factors of 202649/555 - (-4)/(-30).
5, 73
Let x be 125/45 - (-2)/9. Suppose -x*p - 3*k + 33 = 0, -2*k - 6 = p - 3*p. What are the prime factors of p?
7
Suppose 0 = -i - 0*y + 2*y - 5, -2*i + 25 = 3*y. Suppose i*b = -2*f + 294, -3*b + 2*f + 126 = -b. List the prime factors of b.
2, 3, 5
Let s(i) = 21*i**2 - i - 44. What are the prime factors of s(-6)?
2, 359
Suppose -3*r = -36 - 78. What are the prime factors of (r/(-1))/((-22)/77)?
7, 19
Let x be -2*(-3)/(-2) + -413. Let g = x - -232. List the prime factors of ((-5)/10)/(2/g).
2, 23
Let j = 135 - 132. What are the prime factors of (184/6 + -5)*j?
7, 11
Suppose 0*n + 5*n - 110 = -p, 5*n = -4*p + 380. Suppose 4*u - 3*t - 201 = 0, -u + 2*t = -3*u + p. List the prime factors of u.
2, 3
Let h be -195*((-2)/4)/((-2)/(-4)). Suppose 0 = -12*y + 15*y - h. List the prime factors of y.
5, 13
Let x be 27/2 + 36/24. Let m = 2 - 9. Let a = x + m. What are the prime factors of a?
2
Suppose 2*v + 2*o - 17 = 13, 2*v - o = 30. List the prime factors of ((-18)/v)/((-6